s i(3)?
24
Let v(p) = -p**2 + 3*p - 4. Determine v(6).
-22
Let f(n) = n**3 + 20*n**2 - 2*n - 32. Calculate f(-20).
8
Let k(c) = c**3 + 5*c**2 + 3. Calculate k(-3).
21
Let j(o) = 38*o + 186. Give j(-5).
-4
Let c(f) = -f**3 + 23*f**2 - f + 31. Give c(23).
8
Let s(h) = -h**3 - h**2 - h + 11. Determine s(0).
11
Let q(d) = 31*d - 11. Give q(1).
20
Let f(g) = -g + 17. Determine f(18).
-1
Let a(l) = 2*l**3 - l**2 + l - 6. What is a(4)?
110
Let x(k) = 3*k**2 + 37*k - 10. Calculate x(-13).
16
Let g(c) = -c. What is g(-3)?
3
Let n(r) = -r**2 + 4*r. Give n(5).
-5
Let x(r) = 3*r**2 + 2*r. Determine x(1).
5
Let k(o) = o**3 + o**2 + 2*o + 1. Give k(-1).
-1
Let b(p) = p**2 - 11*p - 26. Give b(13).
0
Let p(v) = v**3 - 12*v**2 + 9*v + 7. What is p(11)?
-15
Let j(r) = r**3 - 16*r**2 - 18*r + 34. Determine j(17).
17
Let g(s) = -s**3 - 4*s**2 - 5*s - 15. Give g(-5).
35
Let m(h) = h**3 - 5*h**2 + 6*h + 1. Calculate m(5).
31
Let g(p) = -p + 2. Determine g(6).
-4
Let s(t) = 11*t**2 + 5*t + 7. Give s(-2).
41
Let j(u) = 10*u**2 - u. Calculate j(1).
9
Let b(g) = -18*g**2 + 3*g + 6. What is b(-2)?
-72
Let w(d) = -2*d**3 - 10*d**2 - 2*d + 10. Calculate w(-5).
20
Let g(f) = 3*f**2 - 19*f - 37. Determine g(-2).
13
Let z(g) = -g**2 - 47*g - 168. What is z(-43)?
4
Let u(v) = -107*v - 211. Give u(-2).
3
Let g(q) = -q**3 - 21*q**2 + q + 42. Determine g(-21).
21
Let w(x) = -x**2 + 20*x + 28. Give w(19).
47
Let b(t) = -t**2 - t - 4. Determine b(-3).
-10
Let n(b) = -b**3 - 12*b**2 + 14*b + 12. Give n(-13).
-1
Let r(g) = 2*g**3 - g**2 + 1. Determine r(-1).
-2
Let d(z) = 12*z. Calculate d(4).
48
Let a(i) = 2*i**3 - 12*i**2 - 3*i + 12. Determine a(6).
-6
Let l(m) = -23*m - 6. Give l(-6).
132
Let r(z) = -2*z + 3. Calculate r(4).
-5
Let q(u) = u**3 - u**2 - 2*u + 11. Give q(3).
23
Let y(h) = -h**3 - 5*h**2 - 2*h - 1. Give y(-5).
9
Let f(c) = -29*c. Calculate f(-2).
58
Let g(f) = -f**3 + 5*f**2 - 2*f - 2. Determine g(5).
-12
Let b(t) = 4*t**2 - 24*t - 13. What is b(6)?
-13
Let h(m) = m**3 + 5*m**2 - 7*m + 1. Calculate h(-5).
36
Let p(q) = -3*q + 38. Give p(11).
5
Let l(i) = i**2 + i + 3. Calculate l(-3).
9
Let d(n) = n**3 - 12*n**2 + 21*n - 9. What is d(10)?
1
Let r(m) = m**3 + 8*m**2 - 17*m + 13. What is r(-10)?
-17
Let n(o) = -3*o + 55. Determine n(9).
28
Let q(r) = -r**2 + 6*r - 10. Give q(8).
-26
Let m(b) = -2*b**3 - 13*b**2 + 14*b + 62. Determine m(-7).
13
Let u(h) = -5*h + 14. Calculate u(6).
-16
Let x(q) = -6*q - 2. Determine x(-5).
28
Let s(q) = -q**3 + 7*q**2 - 4*q - 1. What is s(6)?
11
Let b(y) = 3*y**2 + 1. What is b(-1)?
4
Let k(j) = j**3 - 11*j**2 + 8*j + 18. Calculate k(10).
-2
Let p(i) = -4*i**3 - i**2 - 5*i + 5. Determine p(2).
-41
Let a(m) = m**2 - 3*m - 29. Calculate a(-4).
-1
Let w(g) = g**2 + 11*g - 9. Give w(-11).
-9
Let g(s) = s**2 + 13*s + 73. Determine g(-7).
31
Let o(d) = d**3 + 2*d**2 - 2*d + 20. Determine o(-4).
-4
Let q(j) = 2*j - 14. Give q(11).
8
Let a(q) = q**2 - 9*q + 19. Determine a(6).
1
Let n(w) = -60*w + 182. Determine n(3).
2
Let w(h) = h**2 - 2*h + 4. Calculate w(3).
7
Let k(x) = x**2 + 5*x - 8. What is k(-6)?
-2
Let x(g) = -g**3 - 7*g**2 + 2*g + 3. Give x(-1).
-5
Let i(p) = 17*p. What is i(6)?
102
Let i(z) = -34*z. Calculate i(-3).
102
Let h(l) = l**3 - 16*l**2 + 16*l - 17. Give h(15).
-2
Let d(b) = -b**2 - 30*b - 36. What is d(-29)?
-7
Let r(p) = -2*p**2 + 66*p + 9. Calculate r(33).
9
Let w(c) = -c**3 - 11*c**2 + 15*c + 29. Give w(-12).
-7
Let f(b) = -b**2 + 9*b - 5. Determine f(7).
9
Let h(r) = r**3 - 6*r**2 - 12*r + 7. Calculate h(8).
39
Let z(m) = -11*m - 29. Calculate z(-6).
37
Let g(t) = -t**2 - t + 7. Determine g(4).
-13
Let u(h) = -153*h - 306. Give u(-2).
0
Let f(n) = n - 17. Give f(8).
-9
Let w(n) = 401*n + 800. Calculate w(-2).
-2
Let w(b) = -5*b - 7. Determine w(-9).
38
Let n(h) = 3*h**3 + 19*h**2 + 9*h - 1. Give n(-6).
-19
Let t(h) = -h**2 - 14*h - 41. What is t(-11)?
-8
Let i(t) = 21*t - 103. Give i(5).
2
Let w(u) = 3*u**3 + 15*u**2 + 2*u + 4. Give w(-5).
-6
Let j(d) = -12*d**2 + 5*d. Determine j(1).
-7
Let v(o) = -o**3 + 6*o**2 - 6*o + 7. Give v(5).
2
Let d(v) = -2*v**2 + 20*v - 44. Give d(4).
4
Let n(y) = -y**3 - 2*y**2 + 2*y - 10. Give n(-3).
-7
Let j(h) = -h**3 - 7*h**2 - h + 6. Calculate j(-6).
-24
Let v(w) = -w + 2. Calculate v(4).
-2
Let o(k) = k - 5. Calculate o(9).
4
Let j(l) = -l**3 - 15*l**2 - 52*l - 4. What is j(-5)?
6
Let r(z) = z**3 + 10*z**2 + 18*z + 4. What is r(-8)?
-12
Let p(g) = -g**3 + 29*g**2 - 28*g + 8. What is p(28)?
8
Let s(z) = 13*z + 503. Determine s(-39).
-4
Let s(t) = t**2 - 5*t - 10. What is s(6)?
-4
Let t(k) = -k**2 + 24*k - 149. Calculate t(16).
-21
Let r(i) = -2*i - 1. Calculate r(-10).
19
Let h(w) = w**3 - 8*w**2 + w - 11. Determine h(8).
-3
Let t(c) = -11*c + 109. Determine t(10).
-1
Let f(x) = 12*x + 68. What is f(-4)?
20
Let l(n) = n**2 + 11*n - 10. Determine l(-7).
-38
Let o(l) = l**3 + 4*l**2 - 4*l - 5. Determine o(-4).
11
Let u(w) = w**3 + 32*w**2 + 88*w + 10. What is u(-29)?
-19
Let u(y) = 4*y + 17. Give u(-6).
-7
Let a(d) = d**2 + 18*d + 18. Determine a(-15).
-27
Let b(n) = -4*n + 70. Give b(13).
18
Let v(b) = -b**3 - 3*b - 3. Give v(0).
-3
Let l(g) = 3*g - 17. What is l(8)?
7
Let p(l) = l**3 - 6*l**2 + 4*l - 1. What is p(5)?
-6
Let v(j) = -43*j + 219. Give v(5).
4
Let m(c) = -6*c**2 + 2*c. Give m(2).
-20
Let i(l) = 16*l - 2. Determine i(0).
-2
Let j(y) = y**2 + 8*y - 36. Determine j(-12).
12
Let s(d) = -2*d**2 + 4*d + 5. Determine s(6).
-43
Let s(v) = -v**2 - 13*v - 7. Determine s(-5).
33
Let o(f) = 9*f - 6. Determine o(2).
12
Let x(f) = -2*f**2 - f. Determine x(2).
-10
Let l(d) = 17*d - 58. Determine l(5).
27
Let i(a) = 6*a - 20. Determine i(7).
22
Let i(d) = -2*d**3 - 17*d**2 - 29*d + 8. What is i(-6)?
2
Let x(u) = 6*u - 105. Give x(20).
15
Let a(q) = q**2 - 18*q + 17. What is a(18)?
17
Let p(x) = -x**2 - 18*x + 36. Calculate p(-20).
-4
Let b(u) = 3*u - 8. What is b(5)?
7
Let n(t) = 4*t + 2. Determine n(4).
18
Let f(g) = 87*g**3 + g**2 + g - 1. Determine f(1).
88
Let o(p) = 54*p**2 + 3*p - 3. Give o(1).
54
Let z(g) = -9*g + 17. Determine z(1).
8
Let f(m) = -m**3 + 10*m**2 - 4*m + 13. What is f(10)?
-27
Let z(g) = -g**2 + 15*g + 2. Give z(16).
-14
Let b(l) = -10*l - 85. Determine b(-9).
5
Let p(r) = -2*r + 4. Calculate p(-2).
8
Let t(q) = -2*q**3 + 5*q**2 - 2*q - 20. Calculate t(5).
-155
Let w(y) = 2*y**2 + 14*y - 2. Calculate w(-8).
14
Let z(b) = -b**2 + 1. Calculate z(0).
1
Let p(h) = -7*h - 21. Calculate p(-7).
28
Let c(j) = j - 10. Determine c(0).
-10
Let a(q) = q**3 - 17*q**2 - 20*q + 46. Give a(18).
10
Let a(x) = x**3 - 10*x**2 + 2*x - 4. Calculate a(10).
16
Let h(g) = -g**3 - g - 19. Give h(0).
-19
Let m(k) = k**3 + 8*k**2 + 9*k + 8. Determine m(-7).
-6
Let u(r) = -r**2 + 15*r + 3. Give u(16).
-13
Let z(j) = j**3 - 15*j**2 + 6. What is z(15)?
6
Let p(j) = -2*j - 34. Determine p(-6).
-22
Let d(p) = p**3 - 4*p**2 - 14*p + 45. Give d(5).
0
Let o(y) = -3*y - 25. Determine o(-10).
5
Let q(b) = -b**3 - 21*b**2 + 2*b + 46. What is q(-21)?
4
Let b(k) = -k**3 - 18*k**2 - 14*k + 66. What is b(-17)?
15
Let p(x) = 4*x - 5. What is p(2)?
3
Let r(s) = 8*s - 7. Give r(-3).
-31
Let u(m) = m**3 - 7*m**2 - 6*m - 4. Give u(8).
12
Let b(m) = 4*m - 22. Calculate b(0).
-22
Let p(w) = -4*w - 85. Calculate p(-25).
15
Let q(d) = -d**3 - 6*d**2 - 6. What is q(-5)?
-31
Let q(p) = p**2 - 22*p + 31. What is q(22)?
31
Let b(t) = -t**3 - 3*t**2 + 2*t + 8. Determine b(-3).
2
Let w(u) = u**3 + 9*u**2 - 17*u - 23. What is w(-11)?
-78
Let t(r) = 5*r**3 - 3*r**2 + r + 1. Determine t(1).
4
Let q(y) = -y**2 + 20*y + 44. Calculate q(22).
0
Let x(m) = -m**2 - 13*m + 30. Determine x(4).
-38
Let m(v) = 6*v - 5. Determine m(-7).
-47
Let t(k) = k - 10. Calculate t(11).
1
Let g(t) = t**3 - 24*t**2 - 107*t - 135. Give g(28).
5
Let j(a) = 5*a + 30. What is j(13)?
95
Let t(n) = 2*n**2 + 11*n + 18. What is t(-6)?
24
Let w(t) = -t**3 + 9*t**2 - 12*t - 19. Determine w(7).
-5
Let h(q) = -q**2 - 3. Give h(5).
-28
Let j(h) = 16*h + 3. What is j(0)?
3
Let w(p) = p**3 - 6*p**2 - 3*p + 7. Determine w(5).
-33
Let g(f) = f - 22. Give g(22).
0
Let n(x) = -7*x**2 + 24*x + 25. Give n(-1).
-6
Let z(n) = 3*n - 29. Calculate z(13).
10
Let j(a) = -10*a - 50. Give j(-5).
0
Let l(w) = -w**2 + w - 2. Give l(-5).
-32
Let j(x) = 3*x**2 - 7*x - 5. De